highest common factor of 100 and 325.
25
Calculate the greatest common factor of 104 and 1664.
104
Calculate the highest common factor of 726 and 7744.
242
What is the highest common divisor of 45661 and 77?
77
What is the greatest common divisor of 36126 and 1784?
446
What is the greatest common divisor of 840 and 96?
24
What is the highest common divisor of 2500 and 20?
20
What is the highest common factor of 3032 and 8?
8
Calculate the highest common divisor of 181 and 11584.
181
Calculate the greatest common factor of 361 and 931.
19
Calculate the highest common divisor of 36 and 18.
18
What is the highest common factor of 16 and 1360?
16
What is the highest common factor of 164 and 188?
4
What is the greatest common factor of 140 and 245?
35
What is the highest common divisor of 39 and 444?
3
What is the greatest common factor of 18 and 774?
18
Calculate the highest common factor of 413 and 177.
59
Calculate the greatest common factor of 344 and 117992.
344
What is the highest common factor of 3657 and 345?
69
Calculate the highest common factor of 19186 and 1448.
362
What is the greatest common factor of 115 and 920?
115
What is the greatest common divisor of 20 and 500?
20
What is the greatest common factor of 1869 and 6141?
267
Calculate the greatest common divisor of 15 and 1140.
15
What is the greatest common factor of 9 and 333?
9
Calculate the highest common factor of 868 and 56.
28
Calculate the greatest common factor of 26 and 1157.
13
Calculate the highest common divisor of 68 and 1802.
34
What is the highest common factor of 114 and 12?
6
Calculate the highest common factor of 143 and 11.
11
What is the highest common factor of 36 and 4?
4
Calculate the greatest common factor of 314 and 3925.
157
Calculate the greatest common divisor of 924 and 756.
84
What is the greatest common divisor of 1030 and 10?
10
What is the highest common factor of 8 and 2252?
4
What is the highest common divisor of 43 and 4?
1
Calculate the highest common divisor of 72 and 1332.
36
Calculate the highest common factor of 640 and 192.
64
What is the highest common divisor of 24 and 1792?
8
What is the greatest common factor of 3 and 590?
1
What is the highest common divisor of 4268 and 44?
44
Calculate the greatest common divisor of 93 and 651.
93
What is the greatest common factor of 154 and 238?
14
Calculate the greatest common divisor of 42 and 210.
42
What is the highest common divisor of 1254 and 264?
66
Calculate the greatest common factor of 55 and 649.
11
Calculate the greatest common factor of 64 and 200.
8
What is the greatest common divisor of 198 and 6666?
66
Calculate the highest common factor of 12 and 84.
12
What is the greatest common factor of 3544 and 32?
8
What is the highest common factor of 72 and 180?
36
Calculate the greatest common divisor of 3440 and 640.
80
Calculate the greatest common divisor of 49410 and 540.
270
What is the highest common factor of 41 and 41?
41
Calculate the highest common factor of 121 and 2299.
121
What is the highest common factor of 1404 and 162?
54
Calculate the highest common factor of 220 and 1280.
20
Calculate the highest common divisor of 78 and 4641.
39
What is the greatest common factor of 210 and 42?
42
Calculate the highest common divisor of 4 and 52.
4
What is the greatest common factor of 10 and 10435?
5
Calculate the highest common factor of 15 and 2130.
15
What is the greatest common divisor of 57 and 665?
19
Calculate the greatest common factor of 26 and 208.
26
What is the greatest common divisor of 90 and 144?
18
What is the highest common divisor of 19 and 6593?
19
Calculate the highest common factor of 21 and 24.
3
What is the highest common factor of 2403 and 27?
27
What is the highest common factor of 10 and 985?
5
Calculate the highest common divisor of 2624 and 9512.
328
Calculate the highest common factor of 54 and 18.
18
Calculate the greatest common factor of 12 and 132.
12
What is the greatest common factor of 9 and 738?
9
What is the greatest common factor of 32 and 2272?
32
Calculate the highest common divisor of 99 and 22.
11
What is the highest common factor of 177 and 12?
3
What is the highest common divisor of 1104 and 69?
69
Calculate the highest common factor of 5053 and 163.
163
Calculate the greatest common factor of 686 and 23128.
98
Calculate the highest common factor of 4136 and 264.
88
What is the highest common divisor of 336 and 14560?
112
What is the greatest common factor of 39 and 3328?
13
What is the greatest common divisor of 474 and 12?
6
What is the highest common factor of 104 and 351?
13
What is the greatest common divisor of 10 and 1780?
10
Calculate the highest common factor of 17 and 16711.
17
What is the greatest common divisor of 135 and 18?
9
What is the highest common divisor of 780 and 80?
20
What is the greatest common divisor of 630 and 168?
42
Calculate the greatest common divisor of 29 and 3161.
29
What is the greatest common factor of 21144 and 36?
12
What is the greatest common factor of 3577 and 35?
7
Calculate the highest common divisor of 1292 and 85.
17
Calculate the highest common factor of 301 and 215.
43
Calculate the greatest common divisor of 2142 and 9.
9
Calculate the greatest common divisor of 101 and 2323.
101
Calculate the greatest common factor of 118 and 3186.
118
Calculate the highest common divisor of 12 and 2364.
12
Calculate the greatest common factor of 3 and 15.
3
What is the greatest common divisor of 11583 and 468?
117
What is the highest common divisor of 8 and 312?
8
What is the greatest common factor of 10 and 130?
10
What is the greatest common factor of 477 and 9?
9
What is the greatest common divisor of 48 and 18?
6
Calculate the highest common divisor of 432 and 112.
16
What is the greatest common divisor of 6180 and 60?
60
Calculate the highest common factor of 729 and 297.
27
What is the greatest common factor of 118 and 8378?
118
What is the greatest common divisor of 314 and 5338?
314
What is the highest common divisor of 26 and 169?
13
What is the greatest common divisor of 15 and 1875?
15
Calculate the highest common factor of 11824 and 48.
16
Calculate the greatest common divisor of 196 and 7.
7
What is the highest common factor of 187 and 319?
11
Calculate the highest common divisor of 735 and 525.
105
Calculate the highest common factor of 31 and 17081.
31
What is the highest common factor of 1431 and 9?
9
Calculate the highest common divisor of 432 and 192.
48
Calculate the greatest common divisor of 8832 and 276.
276
Calculate the greatest common divisor of 78 and 182.
26
What is the greatest common divisor of 1440 and 9?
9
What is the greatest common factor of 34448 and 16?
16
Calculate the greatest common factor of 10 and 2.
2
Calculate the highest common factor of 33 and 748.
11
Calculate the highest common divisor of 1032 and 24.
24
Calculate the greatest common factor of 515 and 20.
5
What is the greatest common factor of 2622 and 76?
38
What is the greatest common factor of 988 and 52?
52
What is the highest common factor of 2 and 3?
1
Calculate the highest common divisor of 364 and 2093.
91
Calculate the greatest common divisor of 290 and 638.
58
Calculate the highest common factor of 62 and 2.
2
What is the greatest common factor of 72 and 27?
9
Calculate the greatest common factor of 80 and 6940.
20
What is the greatest common factor of 318 and 4505?
53
What is the highest common divisor of 93 and 2139?
93
Calculate the highest common factor of 8148 and 126.
42
What is the greatest common divisor of 156 and 663?
39
What is the greatest common divisor of 12 and 366?
6
Calculate the greatest common factor of 75 and 1500.
75
Calculate the highest common factor of 132 and 297.
33
What is the highest common factor of 392 and 147?
49
Calculate the highest common divisor of 15 and 30.
15
Calculate the highest common factor of 45 and 2070.
45
What is the highest common divisor of 15 and 35?
5
What is the highest common factor of 2006 and 952?
34
What is the greatest common factor of 4 and 106?
2
What is the highest common factor of 477 and 1219?
53
Calculate the greatest common divisor of 1131 and 39.
39
Calculate the highest common divisor of 880 and 3608.
88
What is the highest common di